{"id":110,"date":"2024-05-05T18:36:00","date_gmt":"2024-05-05T16:36:00","guid":{"rendered":"https:\/\/fc-allsky.fr\/?page_id=110"},"modified":"2024-05-17T17:21:44","modified_gmt":"2024-05-17T15:21:44","slug":"principe","status":"publish","type":"page","link":"https:\/\/fc-allsky.fr\/index.php\/principe\/","title":{"rendered":"Principe"},"content":{"rendered":"\n<p>Une cam\u00e9ra\u00a0<em>allsky<\/em>\u00a0permet la surveillance des conditions m\u00e9t\u00e9orologiques sur l&rsquo;ensemble de la vo\u00fbte c\u00e9leste, de jour comme de nuit.<br>Elle permet le rep\u00e9rage des bolides, pluies de m\u00e9t\u00e9ores, faire de la photo de la voie lact\u00e9e, suivre les aurores bor\u00e9ales (<a href=\"https:\/\/fc-allsky.fr\/allsky\/videos\/allsky-20240510.mp4\" data-type=\"link\" data-id=\"https:\/\/fc-allsky.fr\/allsky\/videos\/allsky-20240510.mp4\">voir celle du 10\/05\/2024<\/a>)<\/p>\n\n\n\n<p>La vid\u00e9o ci-dessous montre un timelapse sur une nuit :<\/p>\n\n\n\n<figure class=\"wp-block-embed is-type-video is-provider-youtube wp-block-embed-youtube wp-embed-aspect-4-3 wp-has-aspect-ratio\"><div class=\"wp-block-embed__wrapper\">\n<p class=\"responsive-video-wrap clr\"><iframe loading=\"lazy\" title=\"The Oculus\" width=\"1200\" height=\"900\" src=\"https:\/\/www.youtube.com\/embed\/2NEwS_0fggk?feature=oembed\" frameborder=\"0\" allow=\"accelerometer; autoplay; clipboard-write; encrypted-media; gyroscope; picture-in-picture; web-share\" referrerpolicy=\"strict-origin-when-cross-origin\" allowfullscreen><\/iframe><\/p>\n<\/div><\/figure>\n\n\n\n<div class=\"wp-block-group is-nowrap is-layout-flex wp-container-core-group-is-layout-ad2f72ca wp-block-group-is-layout-flex\">\n<p>Il existe des solutions cl\u00e9 en main mais relativement ch\u00e8res comme par exemple la Cam\u00e9ra All-Sky Oculus 180 Mono dont le prix d\u00e9passe les 1000\u20ac&#8230;<\/p>\n\n\n\n<figure class=\"wp-block-image size-full is-resized is-style-default\"><img loading=\"lazy\" decoding=\"async\" width=\"800\" height=\"800\" src=\"https:\/\/fc-allsky.fr\/wp-content\/uploads\/2024\/05\/image.jpeg\" alt=\"L\u2019attribut alt de cette image est vide, son nom de fichier est Camera-Starlight-Xpress-All-Sky-Oculus-180-Mono.jpg.\" class=\"wp-image-127\" style=\"width:337px;height:auto\" srcset=\"https:\/\/fc-allsky.fr\/wp-content\/uploads\/2024\/05\/image.jpeg 800w, https:\/\/fc-allsky.fr\/wp-content\/uploads\/2024\/05\/image-300x300.jpeg 300w, https:\/\/fc-allsky.fr\/wp-content\/uploads\/2024\/05\/image-150x150.jpeg 150w, https:\/\/fc-allsky.fr\/wp-content\/uploads\/2024\/05\/image-768x768.jpeg 768w, https:\/\/fc-allsky.fr\/wp-content\/uploads\/2024\/05\/image-600x600.jpeg 600w\" sizes=\"auto, (max-width: 800px) 100vw, 800px\" \/><\/figure>\n<\/div>\n\n\n\n<p>Le co\u00fbt peut-\u00eatre largement abaiss\u00e9 moyennant un peu de bricolage : voir le menu <a href=\"https:\/\/fc-allsky.fr\/index.php\/fabrication\/\">Fabrication<\/a><\/p>\n","protected":false},"excerpt":{"rendered":"<p>Une cam\u00e9ra\u00a0allsky\u00a0permet la surveillance des conditions m\u00e9t\u00e9orologiques sur l&rsquo;ensemble de la vo\u00fbte c\u00e9leste, de jour comme de nuit.Elle permet le rep\u00e9rage des bolides, pluies de m\u00e9t\u00e9ores, faire de la photo de la voie lact\u00e9e, suivre les aurores bor\u00e9ales (voir celle du 10\/05\/2024) La vid\u00e9o ci-dessous montre un timelapse sur une nuit : Il existe des [&hellip;]<\/p>\n","protected":false},"author":1,"featured_media":0,"parent":0,"menu_order":0,"comment_status":"closed","ping_status":"closed","template":"","meta":{"footnotes":""},"class_list":["post-110","page","type-page","status-publish","hentry","entry"],"_links":{"self":[{"href":"https:\/\/fc-allsky.fr\/index.php\/wp-json\/wp\/v2\/pages\/110","targetHints":{"allow":["GET"]}}],"collection":[{"href":"https:\/\/fc-allsky.fr\/index.php\/wp-json\/wp\/v2\/pages"}],"about":[{"href":"https:\/\/fc-allsky.fr\/index.php\/wp-json\/wp\/v2\/types\/page"}],"author":[{"embeddable":true,"href":"https:\/\/fc-allsky.fr\/index.php\/wp-json\/wp\/v2\/users\/1"}],"replies":[{"embeddable":true,"href":"https:\/\/fc-allsky.fr\/index.php\/wp-json\/wp\/v2\/comments?post=110"}],"version-history":[{"count":19,"href":"https:\/\/fc-allsky.fr\/index.php\/wp-json\/wp\/v2\/pages\/110\/revisions"}],"predecessor-version":[{"id":604,"href":"https:\/\/fc-allsky.fr\/index.php\/wp-json\/wp\/v2\/pages\/110\/revisions\/604"}],"wp:attachment":[{"href":"https:\/\/fc-allsky.fr\/index.php\/wp-json\/wp\/v2\/media?parent=110"}],"curies":[{"name":"wp","href":"https:\/\/api.w.org\/{rel}","templated":true}]}}